Convert -a6 (base 16) to base 3.
-20011
Convert 10 (base 15) to base 12.
13
Convert -2 (base 12) to base 3.
-2
Convert -20 (base 7) to base 3.
-112
What is 4 (base 11) in base 13?
4
What is -43 (base 8) in base 9?
-38
What is -31 (base 6) in base 11?
-18
What is -101 (base 4) in base 2?
-10001
-1 (base 8) to base 13
-1
What is -22 (base 14) in base 15?
-20
-2121 (base 3) to base 6
-154
-145 (base 9) to base 5
-442
32 (base 16) to base 8
62
5 (base 13) to base 5
10
Convert c (base 15) to base 9.
13
Convert 9c (base 15) to base 7.
300
1 (base 7) to base 14
1
Convert -3 (base 9) to base 2.
-11
What is -6 (base 9) in base 15?
-6
What is -1 (base 16) in base 11?
-1
Convert -4 (base 9) to base 4.
-10
-39 (base 10) to base 12
-33
Convert 8 (base 13) to base 12.
8
What is -21 (base 9) in base 4?
-103
What is -2 (base 7) in base 9?
-2
-234 (base 6) to base 14
-6a
Convert 33 (base 12) to base 3.
1110
17 (base 14) to base 3
210
What is 0 (base 11) in base 16?
0
Convert -13 (base 15) to base 8.
-22
What is 29 (base 14) in base 2?
100101
Convert -12 (base 4) to base 13.
-6
What is -14 (base 14) in base 8?
-22
-31 (base 13) to base 14
-2c
What is 41 (base 13) in base 14?
3b
What is 21 (base 6) in base 10?
13
-14 (base 8) to base 3
-110
Convert -bb (base 16) to base 9.
-227
What is -11 (base 4) in base 6?
-5
-11 (base 4) to base 2
-101
Convert e (base 15) to base 4.
32
Convert -6 (base 14) to base 3.
-20
Convert -3 (base 15) to base 14.
-3
22 (base 15) to base 11
2a
What is -2 (base 7) in base 3?
-2
What is 3 (base 8) in base 14?
3
What is 111 (base 2) in base 6?
11
4 (base 15) to base 16
4
What is 145 (base 8) in base 3?
10202
Convert 11 (base 5) to base 15.
6
Convert -3 (base 7) to base 8.
-3
-2 (base 12) to base 9
-2
2 (base 12) to base 3
2
Convert -181 (base 13) to base 12.
-1aa
What is -1200 (base 4) in base 6?
-240
What is 2 (base 9) in base 10?
2
-4 (base 12) to base 2
-100
Convert 2 (base 9) to base 7.
2
Convert -6 (base 11) to base 14.
-6
What is -4 (base 6) in base 12?
-4
What is -10 (base 16) in base 11?
-15
What is 11 (base 2) in base 4?
3
20212 (base 3) to base 13
113
What is -102 (base 4) in base 10?
-18
-251 (base 8) to base 16
-a9
What is -38 (base 12) in base 5?
-134
-12 (base 14) to base 4
-100
Convert -25 (base 8) to base 10.
-21
What is -5 (base 10) in base 16?
-5
Convert 4 (base 10) to base 3.
11
What is 16 (base 10) in base 5?
31
Convert -3 (base 6) to base 11.
-3
5 (base 9) to base 5
10
What is 0 (base 16) in base 7?
0
Convert 1 (base 5) to base 13.
1
Convert 66 (base 9) to base 7.
114
What is -1 (base 8) in base 13?
-1
Convert 1001 (base 3) to base 9.
31
Convert 7 (base 16) to base 9.
7
What is 20 (base 3) in base 2?
110
Convert -555 (base 6) to base 15.
-e5
What is 4 (base 14) in base 7?
4
What is 21 (base 6) in base 3?
111
Convert c (base 14) to base 10.
12
Convert -100001000 (base 2) to base 7.
-525
Convert -be (base 15) to base 2.
-10110011
What is 3a (base 13) in base 3?
1211
-54 (base 7) to base 10
-39
Convert -3 (base 7) to base 6.
-3
Convert -10 (base 3) to base 16.
-3
What is -7 (base 16) in base 10?
-7
Convert -12 (base 3) to base 16.
-5
Convert -62 (base 7) to base 16.
-2c
Convert 1 (base 12) to base 2.
1
Convert 10 (base 2) to base 4.
2
-117 (base 9) to base 12
-81
2 (base 6) to base 10
2
48 (base 9) to base 8
54
What is 70 (base 14) in base 11?
8a
What is -113 (base 12) in base 2?
-10011111
-16 (base 11) to base 4
-101
What is 43 (base 7) in base 16?
1f
What is 3 (base 15) in base 3?
10
Convert -2 (base 16) to base 4.
-2
Convert -17 (base 10) to base 14.
-13
What is -35 (base 14) in base 15?
-32
What is 24 (base 13) in base 5?
110
What is 142 (base 7) in base 10?
79
-1000111 (base 2) to base 3
-2122
6 (base 7) to base 5
11
What is -102 (base 4) in base 6?
-30
-10212 (base 3) to base 13
-80
Convert -21 (base 12) to base 16.
-19
1a (base 14) to base 12
20
20 (base 11) to base 12
1a
-173 (base 11) to base 7
-405
What is 1 (base 7) in base 3?
1
Convert -1 (base 3) to base 12.
-1
Convert 21 (base 9) to base 16.
13
What is -10000011 (base 2) in base 16?
-83
Convert -2 (base 5) to base 6.
-2
Convert -4 (base 14) to base 11.
-4
110 (base 2) to base 13
6
What is 1 (base 12) in base 5?
1
What is -14 (base 10) in base 12?
-12
-18 (base 12) to base 14
-16
Convert -7 (base 16) to base 3.
-21
223 (base 4) to base 8
53
-315 (base 7) to base 14
-b5
-11 (base 8) to base 13
-9
Convert -1010 (base 2) to base 6.
-14
Convert -13 (base 14) to base 16.
-11
What is 4 (base 6) in base 15?
4
Convert 5 (base 16) to base 3.
12
What is 1 (base 12) in base 6?
1
What is -101 (base 4) in base 3?
-122
-100001101 (base 2) to base 11
-225
Convert 30 (base 4) to base 14.
c
Convert 0 (base 9) to base 15.
0
What is -41 (base 13) in base 3?
-1222
-133 (base 8) to base 2
-1011011
What is -11 (base 13) in base 12?
-12
What is -1 (base 6) in base 8?
-1
20 (base 4) to base 12
8
-c (base 14) to base 7
-15
What is 0 (base 6) in base 8?
0
Convert -2 (base 10) to base 9.
-2
What is 71 (base 12) in base 3?
10011
-10 (base 5) to base 2
-101
What is 180 (base 11) in base 2?
11010001
Convert 0 (base 9) to base 5.
0
-1011 (base 5) to base 15
-8b
12120 (base 3) to base 14
aa
-3 (base 9) to base 15
-3
Convert -1012 (base 3) to base 10.
-32
What is -31 (base 4) in base 6?
-21
Convert -2c (base 16) to base 12.
-38
Convert -11 (base 3) to base 14.
-4
-14 (base 14) to base 9
-20
Convert -21 (base 3) to base 9.
-7
What is -4 (base 8) in base 14?
-4
What is -144 (base 6) in base 16?
-40
-7 (base 12) to base 16
-7
What is -9 (base 15) in base 2?
-1001
-3221 (base 4) to base 15
-108
1 (base 4) to base 10
1
What is a1 (base 11) in base 3?
11010
What is 33 (base 8) in base 9?
30
Convert 0 (base 16) to base 4.
0
-50 (base 15) to base 6
-203
52 (base 6) to base 4
200
-3 (base 4) to base 14
-3
Convert -1 (base 7) to base 8.
-1
93 (base 13) to base 3
11110
-1 (base 11) to base 9
-1
Convert -11 (base 8) to base 15.
-9
Convert -1c (base 13) to base 11.
-23
-73 (base 10) to base 11
-67
Convert -1 (base 6) to base 4.
-1
Convert 8 (base 11) to base 8.
10
43 (base 5) to base 15
18
What is 1 (base 15) in base 16?
1
Convert 0 (base 2) to base 9.
0
What is 442 (base 6) in base 15?
b5
Convert -311 (base 4) to base 8.
-65
What is -110 (base 3) in base 13?
-c
Convert 11 (base 2) to base 5.
3
Convert -454 (base 7) to base 8.
-353
Convert 3 (base 12) to base 9.
3
What is -2 (base 8) in base 13?
-2
What is 10 (base 3) in base 13?
3
27 (base 14) to base 15
25
-18 (base 15) to base 10
-23
Convert -6 (base 14) to base 13.
-6
What is 1022 (base 4) in base 2?
1001010
-1 (base 16) to base 5
-1
165 (base 13) to base 10
252
Convert 100 (base 4) to base 13.
13
What is -22101 (base 3) in base 10?
-226
What is 3 (base 6) in base 12?
3
Convert -6 (base 8) to base 13.
-6
-3 (base 14) to base 3
-10
What is 138 (base 9) in base 8?
164
What is 144 (base 7) in base 13?
63
Convert -32 (base 4) to base 14.
-10
What is -21 (base 8) in base 11?
-16
1 (base 8) to base 7
1
What is 3 (base 9) in base 12?
3
-28 (base 12) to base 3
-1012
What is 210 (base 4) in base 8?
44
202 (base 6) to base 7
134
What is 15 (base 6) in base 10?
11
Convert 37 (base 13) to base 8.
56
What is 8 (base 15) in base 14?
8
-16 (base 16) to base 7
-31
Convert 0 (base 12) to base 4.
0
What is 22012 (base 3) in base 8?
335
What is 1 (base 16) in base 10?
1
-514 (base 6) to base 16
-be
5 (base 15) to base 3
12
Convert c (base 15) to base 14.
c
What is -6 (base 11) in base 13?
-6
43 (base 10) to base 14
31
Convert -117 (base 8) to base 10.
-79
Convert 244 (base 6) to base 9.
121
-10111 (base 2) to base 6
-35
What is -2 (base 4) in base 5?
-2
-75 (base 10) to base 7
-135
What is 13 (base 12) in base 9?
16
Convert -1322 (base 5) to base 10.
-212
What is 8 (base 11) in base 16?
8
502 (base 6) to base 3
20202
What is 79 (base 12) in base 2?
1011101
16 (base 12) to base 2
10010
What is -100100 (base 2) in base 10?
-36
1011000 (base 2) to base 9
107
Convert 226 (base 10) to base 9.
271
254 (base 6) to base 10
106
11d (base 14) to base 8
337
6 (base 10) to base 4
12
What is -15 (base 10) in base 7?
-21
What is -4 (base 10) in base 7?
-4
11 (base 12) to base 5
23
100001111 (base 2) to base 6
1131
Convert 335 (base 7) to base 14.
c5
What is -100 (base 3) in ba